Let d be -5 - (5 + 46/(-10))*-2815. Suppose -d = -4*q + 339. What is the tens digit of q?
6
Suppose 127*s + 100452 = 138*s. What is the tens digit of s?
3
Let g(u) = 0*u**2 + 2*u**2 - 19 + 22*u - 4*u**2. Suppose -5 = m + 5*l, 23*m - 18*m = 3*l + 59. What is the units digit of g(m)?
1
Let b = -25083 + 45896. What is the ten thousands digit of b?
2
Suppose 0 = -13*d - 0*d. Let q be d + -4 - (-1 - 3). Suppose 13*t - 7*t - 666 = q. What is the tens digit of t?
1
Suppose -65 = -3*r - 2*r - 5*k, -3*r - 5*k + 35 = 0. Let u be 1/(r/9) + 2027/5. Suppose 62 - u = -4*j. What is the tens digit of j?
8
Let a = -53 + 46. Let q(g) = -g - 20. Let p be q(a). What is the tens digit of p/26 + (-90)/(-4)?
2
Suppose -18*n - 575263 = -37*n. What is the hundreds digit of n?
2
Suppose 0 = 4*h - 10*h + 462. Suppose 2*o - 215 = -h. What is the tens digit of o?
6
Suppose 916100 = 15*b - 129775. What is the tens digit of b?
2
Let l(o) = -37*o + 11 - 18 + 22. What is the tens digit of l(-10)?
8
Suppose -130 - 318 = -2*c. Suppose -3*f = i - 19 - c, -f + 74 = -2*i. What is the hundreds digit of f/(-200) + ((-5922)/10)/(-3)?
1
Suppose -2*f + 21 = 7. Suppose -f*g = -2154 + 551. What is the hundreds digit of g?
2
Suppose -m + 6 = 5*l, -2 = -l + 3*m + 12. What is the units digit of 2325/62*l/3?
5
Let r = 46 + -39. Let f = 12 - r. Suppose f*j = -v - 11, 3*j + 20 = 2*v + 3. What is the units digit of v?
4
Suppose 4*g + 111172 - 3001 = 13*g. What is the hundreds digit of g?
0
Suppose 33157 + 58745 = 10*r - 42918. What is the hundreds digit of r?
4
Let j = 1 + 21. Suppose -3*s + s = 4*v + j, v - 2 = 2*s. What is the units digit of ((-1)/s)/(10/30)?
1
Let n = -119 - -117. What is the units digit of (-4)/8 + (-137)/n?
8
Let s(a) = -a**3 + 12*a**2 + 20*a - 20. Let m = 80 - 80. Let i be 1*(m + 14 - 1/1). What is the units digit of s(i)?
1
What is the hundreds digit of -2 + 17 - (-16 + -13759)?
7
Let r(p) = 89*p**2 + 703*p - 10. What is the thousands digit of r(-13)?
5
Suppose -11*x - 3 = 19. What is the tens digit of 1/x - (-1010)/4?
5
Suppose 268 = n + 2*i, -113 = -n + 3*i + 170. What is the units digit of n?
4
Let d be (-11)/(-2) - (-72)/(-144). What is the hundreds digit of 732 - (2 - 55/d)?
7
Let m(t) be the first derivative of 1/3*t**3 - 9 + 9/2*t**2 + 15*t. What is the tens digit of m(-10)?
2
Suppose 323 = 6*u + 1517. Let j = 498 + u. What is the tens digit of j?
9
Suppose t = -128 + 580. Suppose -3*v + 3*r - 6*r = -1416, -t = -v + 3*r. What is the tens digit of v?
6
Suppose -4*u + 4*p = -200, -5*u - 2*p = 2*p - 205. Let m be (-4)/10 + (-252)/u. What is the tens digit of 1936/24 - (-4)/m?
8
Let l be 3/18 - (-1)/(-6). Suppose -5*u + l + 5 = 0. Suppose o - 15 = u. What is the units digit of o?
6
Let n be (114/5 + -6)*45/2. Let c be 3/(-78)*-4 + n/78. Suppose -c*f - 4*f + 1143 = 0. What is the tens digit of f?
2
Suppose 9*u = -5*j + 8*u + 40989, 2*j - 16386 = -2*u. What is the thousands digit of j?
8
Suppose -243512 = 15*v - 676862. What is the ten thousands digit of v?
2
Let j = -6583 + 10148. What is the thousands digit of j?
3
Suppose 0 = -0*v - 3*v + 6. Let t be (232/406)/(1/14). Suppose -w + v + t = 0. What is the units digit of w?
0
Let y(d) = 3*d**2 - d - 1. Let t be y(-2). Suppose 0*h - 2*h + 1 = 3*p, -3*p - t = -5*h. What is the units digit of -8 + 139 - (h + 1)?
8
Let f(w) = 760*w + 3799. What is the tens digit of f(54)?
3
Let r(v) = -2*v**2 + 13*v - 12. Let g be r(1). What is the hundreds digit of g/(1*-6) + 1487/6?
2
Let b be (2/(-4))/((-1)/8)*-1. Let m be 176/b + -2 + 4. Let g = 154 + m. What is the tens digit of g?
1
Suppose -5*w + r = 7, 2 - 7 = w + r. Let u be -1*(w + (-12)/(-4)). What is the tens digit of u + (-91)/(-4) - 10/(-40)?
2
Suppose -2882 = 4*c + 1238. Suppose 19*b + 36 = 28*b. What is the hundreds digit of (c/(-20))/(2/b)?
1
Suppose 29*w = -4*w + 46*w - 103090. What is the thousands digit of w?
7
Suppose 532 = g - 2*o, 5*o + 672 = 3*g - 927. Let z = g + -388. What is the hundreds digit of z?
1
Let l = -23900 + 38961. What is the thousands digit of l?
5
Suppose -97 + 25 = -12*f. Suppose -f*r + 3363 + 453 = 0. Suppose 22*h - 18*h - r = 0. What is the tens digit of h?
5
Suppose -33258386 + 1727406 = -879*l + 187*l. What is the hundreds digit of l?
5
Let v(s) = s**2 - 18*s - 42. Suppose 5*u - 8 = -3*m - 80, -5*u - 34 = m. What is the units digit of v(m)?
1
Let n(k) = 1155*k**2 - 73*k + 220. What is the thousands digit of n(3)?
0
Let y = -73314 - -107200. What is the hundreds digit of y?
8
Let k(x) be the first derivative of x**3/3 - 7*x**2 + 4*x + 2. Let t be k(14). Suppose 5*j + 3*c = 406, -2*c + 3*c = t*j - 335. What is the tens digit of j?
8
Suppose -78*p + 59760 = 83*p - 149*p. What is the units digit of p?
0
Let q(p) = -1473*p - 10. Let b(f) = -f + 2. Let s(u) = 3*b(u) - q(u). What is the tens digit of s(1)?
8
Let k(s) = s**2 + s - 1. Let f(g) = 3*g**2 + g - 4. Let z(n) = f(n) - 2*k(n). Let b be z(4). Let r = b - -22. What is the tens digit of r?
3
Let o = 35 - 11. Suppose s = -x - 3*s + 19, 4*x = 4*s - o. What is the tens digit of (x - (-48)/(-2))*(-3)/3?
2
Let v be -168*(1/3 - (-78)/36). Let q be (-2)/9 - v/(-54). What is the units digit of 59 - ((-4)/16 + (-18)/q)?
7
Let c = -2 + 97. Let w be (-48)/4*(1 - (-16)/(-12)). Suppose -5*h - 15 = 0, 3*h - 140 = -w*k + c. What is the tens digit of k?
6
Suppose 237*u = 1648550 + 2280910. What is the units digit of u?
0
Let q(w) = -12*w**3 + 8*w**2 - 14*w - 116. Let r be q(-6). Suppose 16*f - 4496 = r. What is the tens digit of f?
5
Suppose -19459 + 7859 = -4*r. Let z = r - 1937. Suppose -z = -17*q + 108. What is the tens digit of q?
6
Let l be ((-120)/(-9))/1 - (-4)/6. Let o(i) = i**2 - 13*i - 7. Let u be o(l). Suppose 31 - u = n. What is the units digit of n?
4
Suppose -5*a + 219305 = -c + 16*c, a = 5*c + 43805. What is the ten thousands digit of a?
4
Let n be (7 - 8)/(2/(-826)). Let g(p) = 17*p - 55. Let l be g(-13). Let u = l + n. What is the hundreds digit of u?
1
Suppose v + 0*v = -8*v. Suppose -2*x + 609 = -5*l + 4*l, v = 4*l - 4. What is the units digit of x?
5
Let g(l) = l**3 + 10*l**2 + 5*l - 18. Let n(j) = -j**2 + 18*j - 86. Let c be n(8). What is the tens digit of g(c)?
9
Suppose 8*k = -7*k - 30. Let u = -168 + 253. What is the units digit of u + 3/6*8/k?
3
Suppose n - 8*n + 35 = 0. Suppose 3*u = -2*d + 2, d - 7 + n = -u. What is the units digit of d?
4
Suppose f - 2 = 2*y - 3, -4*f + 14 = -2*y. Suppose 248 = k + 5*j, -k + y*j + 258 = 6*j. What is the hundreds digit of k?
2
Let m = -6 - 30. Let q = 38 + m. Suppose -26 = -s - s + 4*b, 26 = q*s + 4*b. What is the units digit of s?
3
Suppose -5*d - 5*z + 85290 = 0, -1031*z - 51179 = -3*d - 1033*z. What is the ten thousands digit of d?
1
Suppose -17*i - 10000 = 1611. Let z = i + 1252. What is the hundreds digit of z?
5
What is the thousands digit of (137*68/(-51))/((-4)/498)?
2
Suppose 18*t - 478074 = -111*t. What is the units digit of t?
6
Suppose 19*d - 6888 = 11*d. Suppose -14*z + 7*z + d = 0. What is the tens digit of z?
2
Let u be (4 - -3)/(6 - 5). Suppose -g - 2*b + 429 = 0, 5*b + 2 = u*b. What is the tens digit of g?
2
Let y(n) = n**3 - 35*n**2 + 36*n - 73. Let r be y(34). Let a(o) = o**3 + 6*o**2 - 7*o - 16. What is the units digit of a(r)?
4
Let j be (4/4)/(6/294). Let t = -71 - -107. Let o = j + t. What is the units digit of o?
5
Let o(c) = 18*c - 18. Let b be o(2). What is the tens digit of (-3)/(-2) + 4617/b?
5
Suppose 0 = -36*f + 41*f - 5*t - 327655, 0 = f + 4*t - 65486. What is the thousands digit of f?
5
Suppose s + 4*t = 2829 - 998, -3*s + 5465 = -2*t. What is the hundreds digit of s?
8
What is the units digit of -9*(-3)/(-9) - (-337)/(2 + -1)?
4
Suppose -5*x = -1124 + 59. Let r be ((-6)/(-9))/((-2)/x). Let i = 36 - r. What is the tens digit of i?
0
Let n(o) = 73*o - 64. Suppose -h - a = 0, 3*h + 3*a = a + 5. What is the units digit of n(h)?
1
Suppose 0 = -i + 2*i - 4, 3*d - i - 104 = 0. Suppose 19*y - 249 = d. What is the units digit of y?
5
Let b(u) = -2*u**2 + 20*u - 4. Let c be b(9). Let j be (c/(-4))/((-6)/792). Suppose 0 = -3*n - 4*d + j, 2*d = -3*n - n + 616. What is the hundreds digit of n?
1
Suppose 5*j - 2*c = 22, 2*j - 1 = -4*c + 3. Suppose 3*k - l - 146 = 0, j*l + 58 = 3*k - 76. Let g = k - 24. What is the units digit of g